tens digit of 148132?
3
What is the tens digit of 751235?
3
What is the units digit of 269256?
6
What is the millions digit of 3623326?
3
What is the tens digit of 103167?
6
What is the units digit of 11280691?
1
What is the units digit of 781459?
9
What is the millions digit of 7370562?
7
What is the thousands digit of 520750?
0
What is the hundred thousands digit of 2346308?
3
What is the hundreds digit of 335089?
0
What is the thousands digit of 187546?
7
What is the hundred thousands digit of 1273450?
2
What is the thousands digit of 3475538?
5
What is the units digit of 130030?
0
What is the ten thousands digit of 137879?
3
What is the ten thousands digit of 176257?
7
What is the tens digit of 166035?
3
What is the hundred thousands digit of 6713439?
7
What is the thousands digit of 211984?
1
What is the hundreds digit of 1496777?
7
What is the units digit of 2928385?
5
What is the hundreds digit of 225167?
1
What is the millions digit of 7683778?
7
What is the ten thousands digit of 887167?
8
What is the tens digit of 241152?
5
What is the thousands digit of 31161827?
1
What is the tens digit of 1961982?
8
What is the hundreds digit of 12535882?
8
What is the hundred thousands digit of 205429?
2
What is the thousands digit of 14169677?
9
What is the units digit of 27944733?
3
What is the hundreds digit of 618784?
7
What is the ten thousands digit of 484895?
8
What is the ten thousands digit of 3255998?
5
What is the hundred thousands digit of 24848117?
8
What is the thousands digit of 309826?
9
What is the thousands digit of 14335631?
5
What is the ten thousands digit of 948440?
4
What is the ten millions digit of 14408638?
1
What is the ten millions digit of 41735454?
4
What is the units digit of 5158582?
2
What is the thousands digit of 1620758?
0
What is the millions digit of 13759970?
3
What is the units digit of 1221861?
1
What is the units digit of 314113?
3
What is the ten thousands digit of 793881?
9
What is the hundreds digit of 69268?
2
What is the hundred thousands digit of 12828423?
8
What is the millions digit of 16828983?
6
What is the units digit of 27364385?
5
What is the thousands digit of 253722?
3
What is the tens digit of 289960?
6
What is the ten thousands digit of 21316?
2
What is the thousands digit of 3686889?
6
What is the hundreds digit of 310126?
1
What is the thousands digit of 4104874?
4
What is the hundred thousands digit of 32169747?
1
What is the units digit of 7932586?
6
What is the thousands digit of 465317?
5
What is the hundred thousands digit of 14963139?
9
What is the units digit of 10442190?
0
What is the hundreds digit of 243494?
4
What is the units digit of 230323?
3
What is the thousands digit of 7648999?
8
What is the hundreds digit of 379434?
4
What is the hundreds digit of 77240?
2
What is the ten thousands digit of 28922?
2
What is the hundreds digit of 112549?
5
What is the millions digit of 1558356?
1
What is the units digit of 778086?
6
What is the units digit of 833733?
3
What is the tens digit of 203491?
9
What is the ten thousands digit of 976208?
7
What is the millions digit of 5076489?
5
What is the hundreds digit of 68803?
8
What is the ten thousands digit of 6505856?
0
What is the millions digit of 3614485?
3
What is the thousands digit of 12191094?
1
What is the tens digit of 4559856?
5
What is the thousands digit of 22101029?
1
What is the hundred thousands digit of 2657620?
6
What is the units digit of 653804?
4
What is the units digit of 322068?
8
What is the thousands digit of 567827?
7
What is the units digit of 339368?
8
What is the tens digit of 68360?
6
What is the ten thousands digit of 8296301?
9
What is the hundreds digit of 1716357?
3
What is the units digit of 1899767?
7
What is the ten thousands digit of 557938?
5
What is the thousands digit of 7649564?
9
What is the units digit of 16155735?
5
What is the millions digit of 1535951?
1
What is the tens digit of 956765?
6
What is the tens digit of 21457?
5
What is the units digit of 5329803?
3
What is the tens digit of 864904?
0
What is the ten thousands digit of 227294?
2
What is the thousands digit of 420177?
0
What is the thousands digit of 13740037?
0
What is the tens digit of 176959?
5
What is the tens digit of 8906030?
3
What is the ten thousands digit of 448942?
4
What is the units digit of 6150418?
8
What is the millions digit of 1629562?
1
What is the ten thousands digit of 3672821?
7
What is the thousands digit of 16377607?
7
What is the ten thousands digit of 105550?
0
What is the hundreds digit of 22487033?
0
What is the hundreds digit of 2995635?
6
What is the thousands digit of 437606?
7
What is the thousands digit of 59362?
9
What is the tens digit of 96804?
0
What is the ten thousands digit of 436571?
3
What is the thousands digit of 100620?
0
What is the millions digit of 9160423?
9
What is the millions digit of 4196523?
4
What is the millions digit of 1223754?
1
What is the hundred thousands digit of 26241660?
2
What is the tens digit of 240572?
7
What is the thousands digit of 4556658?
6
What is the ten thousands digit of 1676287?
7
What is the tens digit of 40699571?
7
What is the hundreds digit of 439497?
4
What is the hundreds digit of 343810?
8
What is the units digit of 1529182?
2
What is the hundred thousands digit of 796509?
7
What is the thousands digit of 356402?
6
What is the thousands digit of 153720?
3
What is the hundreds digit of 2114586?
5
What is the hundreds digit of 785117?
1
What is the units digit of 147901?
1
What is the tens digit of 68371?
7
What is the hundreds digit of 66381?
3
What is the units digit of 272022?
2
What is the hundreds digit of 361551?
5
What is the hundreds digit of 678611?
6
What is the ten thousands digit of 484864?
8
What is the hundreds digit of 383424?
4
What is the hundred thousands digit of 12040558?
0
What is the millions digit of 1347485?
1
What is the hundred thousands digit of 784608?
7
What is the units digit of 22137783?
3
What is the tens digit of 187779?
7
What is the hundred thousands digit of 885713?
8
What is the ten thousands digit of 1454143?
5
What is the ten thousands digit of 403890?
0
What is the ten thousands digit of 127617?
2
What is the units digit of 530621?
1
What is the ten thousands digit of 526799?
2
What is the thousands digit of 96396?
6
What is the tens digit of 23456886?
8
What is the millions digit of 1547657?
1
What is the thousands digit of 6000258?
0
What is the tens digit of 71856?
5
What is the hundred thousands digit of 140637?
1
What is the hundred thousands digit of 109272?
1
What is the hundreds digit of 9582809?
8
What is the units digit of 4755253?
3
What is the millions digit of 2700557?
2
What is the hundred thousands digit of 4383687?
3
What is the hundred thousands digit of 342433?
3
What is the thousands digit of 531885?
1
What is the hundreds digit of 751134?
1
What is the hundreds digit of 612291?
2
What is the units digit of 3853013?
3
What is the thousands digit of 904521?
4
What is the hundreds digit of 6901004?
0
What is the units digit of 695960?
0
What is the hundred thousands digit of 193876?
1
What is the hundreds digit of 65225?
2
What is the hundreds digit of 4040637?
6
What is the hundred thousands digit of 6032169?
0
What is the thousands digit of 163257?
3
What is the hundreds digit of 1233829?
8
What is the thousands digit of 1501276?
1
What is the tens digit of 1088558?
5
What is the ten thousands digit of 17250565?
5
What is the units digit of 41305?
5
What is the hundred thousands digit of 585934?
5
What is the ten millions digit of 12005913?
1
What is the units digit of 380880?
0
What is the ten thousands digit of 2572649?
7
What is the hundreds digit of 1621168?
1
What is the thousands digit of 19648627?
8
What is the tens digit of 186397?
9
What is the hundreds digit of 999628?
6
What is the tens digit of 5243096?
9
What is the hundreds digit of 2512233?
2
What is the units digit of 4218114?
4
What is the units digit of 2794112?
2
What is the thousands digit of 6092443?
2
What is the ten thousands digit of 2659358?
5
What is the units digit of 437536?
6
What is the hundreds digit of 1140696?
6
What is the thousands digit of 3185421?
5
What is the ten thousands digit of 937816?
3
Wh